j**2 + 13142 + 8*j - 26287. Give t(y).
-12
Let z(s) = -s**2 + 2*s**2 + s - 3 - 2*s. Let q(l) = 2*l**3 + 17*l**2 + 36*l. Let r be q(-4). What is z(r)?
-3
Let v(g) = -3*g + 5*g + 6 - g + 0. Let x be (-3)/(56/(-77) - -1). What is v(x)?
-5
Suppose 5*j - 12 = 3*x, 2*x = j + 740 - 748. Let w(k) be the second derivative of j + 1/20*k**5 + 1/2*k**3 - 5/12*k**4 - 1/2*k**2 - k. Determine w(4).
-5
Suppose -m = 3*n - 2*m, 0 = -3*n + 4*m - 9. Let b = -15 + 43. Let g(l) = -2 - 6*l**2 + b*l - 27*l + 1. Calculate g(n).
-6
Let f be 3/6*-8 + -1. Let y(l) = l**3 + 6*l**2 + 2*l - 12. What is y(f)?
3
Let f(l) = -l**3 - 7*l**2 - 7*l - 2. Let w be f(-6). Let x = -4 + w. Let n(v) be the third derivative of -v**4/24 + v**3/3 + 680*v**2. Calculate n(x).
2
Let t(k) = k**3 + 4*k**2 - 5*k - 5. Let v(a) = a**2 - 13*a + 26. Let g be v(2). Suppose 2*l + 19 = -4*w - 5, 4*w = g*l - 12. Calculate t(w).
-5
Let p(f) be the second derivative of -f**4/3 + 20*f**3/3 + 5*f**2/2 + 9*f - 63. Calculate p(10).
5
Let q(g) = -8*g + 16. Let p(v) be the second derivative of v**3/2 - 5*v**2/2 + 27*v. Let b(w) = 7*p(w) + 2*q(w). What is b(2)?
7
Let v(m) = -15*m + 49. Let x(a) = -22*a + 76. Let r = 829 + -836. Let j(z) = r*v(z) + 5*x(z). What is j(9)?
-8
Let a(i) = 3*i - 67. Let v(x) = x - 11. Let d(p) = -a(p) + 6*v(p). Calculate d(-6).
-17
Let x(q) = -6*q + 1. Let i be x(-1). Let v(s) = i + 0 - 2*s**2 - 3 - s. Suppose 106 - 24 = 271*z + 895. Give v(z).
-11
Let w(p) = p**3 + 6*p**2 - p - 14. Suppose -4*h + 197 = -3*d + 7, 0 = 5*d + 5*h + 305. Let g = 56 + d. Determine w(g).
-8
Let i = -23673 - -23680. Let c(o) = -o**3 + 6*o**2 + 12*o - 30. Calculate c(i).
5
Let k(q) = 2*q**2 + 102*q - 438. Let y be k(-55). Let o(d) = 2*d + 1. Let n be o(3). Let x(l) = -n - 2*l + 0*l + l + y. What is x(-4)?
-1
Suppose -3*h - 9 = 0, 10*w - 110 = 5*w - 5*h. Let r(b) = 2 - 3 - 28*b + 70*b - w*b - 18*b. Calculate r(3).
-4
Let v(o) be the first derivative of -o**5/120 + 7*o**4/8 + 10*o**3/3 - 8*o - 149. Let w(b) be the third derivative of v(b). What is w(15)?
6
Let s(p) be the second derivative of p**5/20 - 5*p**4/6 + 19*p**3/6 + 12*p**2 - 2263*p. Give s(6).
-6
Let o(x) be the first derivative of -x**4/2 - 20*x**3/3 - x**2/2 - 9*x + 6095. What is o(-10)?
1
Let a(k) be the second derivative of 5*k**3/6 + 3*k**2 + 46*k. Let o = 116 - 109. Calculate a(o).
41
Let b(p) be the third derivative of 0 + 4/3*p**3 + 0*p + 7/12*p**4 + 50*p**2 - 1/60*p**5. Calculate b(14).
8
Suppose -24 = -96*g + 104*g. Suppose -4*t + 3 = -5*m + 17, 5*t = -4*m + 3. Let u(c) = -3*c**2 - m*c - 1 + 3 + c**2 - c**3 + 3*c. Calculate u(g).
8
Let n(w) = 19*w - 365. Let a = 966 + -947. Give n(a).
-4
Let h(o) = 2*o**2 - 4*o + 1. Let a(x) = x - 3. Let z be a(3). Suppose 5*d + 2*d - 21 = z. Suppose -4*n = -5*n + d. What is h(n)?
7
Let o = -340 - -343. Suppose o + 53 = -7*p. Let g(x) = -x**2 - 6*x - 7. Give g(p).
-23
Let m(o) be the third derivative of -o**6/120 + 17*o**5/60 - 2*o**4/3 + 3*o**3/2 - 1274*o**2. Give m(16).
9
Let t(i) be the second derivative of 0 - 24*i - 1/2*i**3 + 7/2*i**2. What is t(6)?
-11
Let n(x) = -4*x - 6. Let p be n(-2). Let m(l) = 17 - 6*l - p*l + 4*l. Let s be m(4). Let g(c) = -12*c**2 + c. Give g(s).
-11
Let p(c) = 2*c**2 - 5*c + 7. Let t(u) = u**3 + 12*u**2 + 23*u + 277. Let d be t(-12). Give p(d).
4
Let h(c) be the first derivative of c**2/2 + 11*c - 26. Let u = 76 + -54. Let v(l) = l**3 - 24*l**2 + 42*l + 33. Let i be v(u). What is h(i)?
0
Suppose 7 = 5*k - 13. Let m(a) = 4*a - k*a**3 + a**3 - 2*a - 5*a**3 - 1. Let c(f) = -f - 4. Let z be c(-5). What is m(z)?
-7
Let p(r) = r - 10. Let l be (-16)/24 - 44/6. Let v be 512/7 + (1 - l/(-7)). Let g = 81 - v. Determine p(g).
-2
Let a(h) = -80 - 9*h - h**2 + 4*h - 9*h - 13*h - 80. Determine a(-17).
10
Let r(x) = x**2 + 12*x + 10. Let v = -123 + 130. Suppose 16*l = v*l - 108. Determine r(l).
10
Let d(h) = -3*h - 154. Let v(y) = -7*y - 419. Let f(s) = 8*d(s) - 3*v(s). Give f(4).
13
Let l(k) = -11*k**2 + 31*k - 97. Let v(j) = 9*j**2 - 29*j + 98. Let u(t) = -4*l(t) - 5*v(t). Let a be u(12). Let z(d) = -3*d + 18. Give z(a).
0
Let a(f) = -f**3 + 10*f**2 - 9. Suppose 9*c - 11*c - 2*y = 10, -5*y - 25 = 0. Determine a(c).
-9
Let n = -1645 + 1652. Let u(r) = -r + 4. Give u(n).
-3
Suppose 63*b + 58*b = 121. Let t(i) = -11*i**2 + 2*i - 4. Determine t(b).
-13
Let i(y) = -y**3 - 4*y**2 + 10*y + 6. Suppose -18*l + 115 = 10*l + 255. What is i(l)?
-19
Let d = 67 + -120. Let q = d - -39. Let a(p) = -p - 23. Determine a(q).
-9
Let o(z) = 443 + 2*z**2 - 6*z - 454 - 4*z - 3*z**2 + 3*z. Calculate o(-5).
-1
Let g(y) be the second derivative of 0 + 78*y + 3/2*y**2 - 5/6*y**3 - 1/12*y**4. Give g(-5).
3
Suppose 5*q = -0*q + 35. Let x(u) be the second derivative of -9/2*u**2 - 5/6*u**3 - 2 + 4*u + 1/12*u**4. What is x(q)?
5
Let d(t) be the second derivative of -t**4/12 + 5*t**3/3 - 8*t**2 + 1744*t. What is d(7)?
5
Let c(t) = t**2 - 1. Let h(q) = -4*q**3 - 2*q**2 + 4*q - 6. Let l(v) = 7*v**3 + 4*v**2 - 7*v + 10. Let g(u) = -5*h(u) - 3*l(u). Let d be g(1). Determine c(d).
3
Suppose 0 = -4*a + 3*d + d - 40, 2*a - 5*d = -29. Let j be ((-2)/11 - 285/(-55)) + 4. Let r(s) = -s**2 - 70 + 157 - 82 - j*s. What is r(a)?
19
Let b(o) be the second derivative of -o**5/20 - 13*o**4/12 - o**3/6 + 17*o**2/2 + 302*o. Give b(-13).
30
Let t = 146 + -155. Let h(f) = -f**3 - 4*f**2 + 46*f + 11. Give h(t).
2
Suppose 42 = 31*z - 20. Let v(b) = 3 + 1464*b**2 - z + 2*b**3 - 1465*b**2. What is v(-2)?
-19
Let b = -82 + 86. Let d(l) = -10*l + 34. Calculate d(b).
-6
Let c(a) be the first derivative of -a**4/12 + a**3/3 - a**2/2 + 19*a - 10. Let o(f) be the first derivative of c(f). Suppose 0*b - b + 2 = 0. Determine o(b).
-1
Let k(n) = -16*n**3 - 51*n**2 - 29*n - 15. Let v(m) = -9*m**3 - 28*m**2 - 15*m - 8. Let a(s) = 5*k(s) - 9*v(s). Give a(5).
-3
Suppose -5*x = -32*x + 540. Suppose -2*t - h = -x, -2*t - 36 = -7*t + h. Let d(k) = k**3 - 8*k**2 + k - 3. What is d(t)?
5
Suppose -2*u + 4*u = 2*m + 22, -25 = 5*m + u. Let y be 188/(-28) - m/(-21). Let n(w) be the second derivative of w**3/6 + 11*w**2/2 + w. What is n(y)?
4
Suppose 0*i + 4*i - 8 = 0. Let x(t) = -2*t + 6. Let u be x(1). Let v(a) = -2*a - 4*a + a + i + u*a. Determine v(8).
-6
Let h(n) = 18*n - 111. Let c(v) = -466*v + 12123. Let w be c(26). Give h(w).
15
Let p(a) = 3*a**2 - a. Let z(x) = -18*x**2 + 7*x - 1. Let n(b) = -5*p(b) - z(b). Let j = 38 + -21. Suppose -d + 7*v + j = 2*v, -v - 1 = d. Calculate n(d).
9
Let g(a) = -1879 - 2*a**2 + 1832 + 52*a + 0*a**2. Give g(25).
3
Let v = -2209 + 2207. Let j(n) = 7*n**2 + 3. Calculate j(v).
31
Suppose -14 = -4*g - i, -108*g - 14 = -109*g + 5*i. Let a(d) = 4 - d - 7*d + 7*d. Give a(g).
0
Suppose -3*n + 4*t + 5 = 0, 2*n - 3*t - 3 = -0. Let y(s) be the third derivative of s**5/60 - s**4/24 - 7*s**3/6 + 2792*s**2. Give y(n).
-1
Let i be (48/(-12))/(2*(-2)/4). Suppose 5*x = 6*x - 2. Let o(t) = -t**3 - 5 + 3 - x*t**3 + 2*t**3 + t + 4*t**2. Determine o(i).
2
Let l(i) be the first derivative of -1/3*i**3 + 8*i + 3*i**2 - 50. Let t(j) = -j**2 + 13*j - 16. Let v be t(11). Give l(v).
8
Let l(r) = r**2 + r + 3. Let g be 2/(-4) + (-852)/24. Let b = 5 + g. Let o = b + 28. Determine l(o).
9
Let o(f) = 5*f**2 - 29*f - 15. Let z(j) = j**2 - 6*j - 3. Let g(c) = 2*o(c) - 11*z(c). Let d = 7746 - 7737. What is g(d)?
-6
Let l(p) = -p + 6. Let s = 474 - 471. Let r be (24/(-16))/(s/(-14)). What is l(r)?
-1
Let l(b) = -2*b + 3. Let f be l(4). Let u = 6 + f. Let h(d) = -29*d + 3 - 31*d - 3 + 63*d. Determine h(u).
3
Suppose -10*d + 14 + 76 = 0. Let v(m) = 26*m + 157*m**2 - 78*m**2 - 8*m - 81*m**2 + 2. What is v(d)?
2
Let b(c) = 7*c**2 + 5 + 519*c - c**3 - 531*c + 0*c**3. Give b(5).
-5
Let u(x) be the third derivative of -x**7/1008 - x**6/360 + 41*x**5/15 - 19*x**2 - x. Let z(i) be the third derivative of u(i). What is z(-3)?
13
Let p(m) be the second derivative of 1/6*m**3 + 17*m - 2*m**2 + 0 + 1/12*m**4. Suppose 3 = 3*w - 5*j, 5 = w - 0*w - 3*j. What is p(w)?
8
Let s(j) be the first derivative of -19*j**2/2 + 115*j - 1446. Calculate s(6).
1
Let a be (1 - 7)/((-10 - -2) + 6). Let w(u) = -4 - 8*u - 62*u**3 + a*u + 61*u**3 + 5*u**2. Let t = -10 - -14. Determine w(t).
-8
Let u(c) be the second derivative of -c**3/3 + 37*c**2 + 9*c - 127. Calculate u(33).
8
Let d(r) b